5
What is the highest common divisor of 2014290 and 6070?
10
Calculate the highest common factor of 162571872 and 1128.
1128
Calculate the greatest common divisor of 410251947 and 168.
21
What is the highest common factor of 1444000689 and 324?
81
Calculate the greatest common factor of 29230 and 117830.
10
What is the highest common divisor of 55 and 1627745?
5
What is the greatest common factor of 14720 and 1148800?
640
Calculate the greatest common divisor of 57504 and 99552.
96
Calculate the highest common factor of 99917575 and 185.
185
Calculate the greatest common factor of 12222 and 4810050.
126
Calculate the greatest common factor of 18606 and 66318.
42
Calculate the highest common factor of 172 and 183190406.
86
What is the highest common factor of 1351 and 6146471?
193
Calculate the greatest common factor of 125892 and 39540.
12
What is the greatest common divisor of 8 and 81624568?
8
Calculate the highest common divisor of 93278 and 220.
2
What is the greatest common divisor of 215505 and 288?
9
Calculate the greatest common divisor of 196544 and 899766.
74
Calculate the highest common divisor of 12444 and 66096.
204
Calculate the greatest common factor of 15370170 and 45.
15
Calculate the greatest common factor of 571024 and 140976.
1424
What is the highest common factor of 47398 and 12038?
26
What is the highest common divisor of 7188 and 55364372?
2396
Calculate the highest common divisor of 231141005 and 1055.
1055
Calculate the greatest common factor of 4500 and 27867600.
900
Calculate the highest common factor of 33102799 and 11606.
829
What is the greatest common factor of 244446 and 3910514?
622
What is the greatest common divisor of 64951361 and 1172?
293
Calculate the greatest common factor of 24 and 544991552.
8
Calculate the greatest common factor of 902 and 5950186.
22
What is the greatest common divisor of 55041647 and 31?
31
Calculate the highest common factor of 90119 and 221526.
397
What is the greatest common divisor of 184459 and 121?
11
Calculate the highest common divisor of 554 and 1667.
1
What is the highest common divisor of 66 and 3936944?
22
What is the greatest common divisor of 5404568 and 1986?
662
What is the greatest common divisor of 124928 and 218368?
256
Calculate the highest common factor of 41153729 and 647.
647
What is the greatest common factor of 20321193 and 8201?
59
Calculate the highest common divisor of 72198 and 4494.
42
Calculate the greatest common factor of 258 and 8494.
2
Calculate the greatest common factor of 258260 and 10558995.
1745
What is the greatest common divisor of 13056 and 598144?
128
What is the highest common divisor of 786 and 72878051?
131
What is the highest common factor of 16 and 654090952?
8
Calculate the greatest common divisor of 9064510 and 5733.
637
Calculate the greatest common divisor of 171676572 and 36.
12
What is the greatest common factor of 4048767 and 4617?
171
Calculate the highest common factor of 7033614 and 5950.
238
What is the greatest common factor of 896 and 362495616?
896
What is the greatest common divisor of 2124 and 4126?
2
What is the highest common divisor of 20128640 and 104?
8
What is the highest common divisor of 194442992 and 2960?
592
What is the greatest common divisor of 216 and 983625?
3
What is the greatest common factor of 619780 and 26524?
76
What is the highest common factor of 11568240 and 3600?
720
What is the highest common divisor of 166382930 and 140?
70
Calculate the greatest common factor of 340 and 203439595.
85
What is the highest common divisor of 62664 and 2100?
84
Calculate the greatest common divisor of 44395541 and 7948.
1987
Calculate the greatest common divisor of 2667 and 72525.
3
Calculate the greatest common divisor of 26248 and 66776.
136
Calculate the greatest common divisor of 5509224 and 1530.
306
What is the highest common divisor of 37398 and 420?
6
What is the greatest common factor of 7005 and 99609699?
1401
Calculate the highest common factor of 207542 and 5248.
82
Calculate the highest common factor of 3534 and 55944398.
1178
Calculate the highest common divisor of 98667 and 60.
3
What is the greatest common factor of 4116108 and 527?
17
What is the greatest common factor of 1390 and 2202280?
10
Calculate the greatest common factor of 101784232 and 158.
158
What is the greatest common factor of 5717 and 548620471?
5717
Calculate the highest common divisor of 87 and 21350409.
87
What is the greatest common factor of 439650 and 29700?
450
Calculate the greatest common factor of 34320 and 132366.
78
What is the highest common factor of 229 and 198824441?
229
Calculate the highest common factor of 63749 and 1695547.
49
What is the highest common factor of 2470826760 and 12?
12
Calculate the greatest common divisor of 1360 and 15834140.
340
What is the greatest common factor of 107686557 and 81?
27
What is the highest common divisor of 232963140 and 300?
60
Calculate the highest common divisor of 880 and 387398.
22
Calculate the highest common divisor of 8931604 and 308.
44
Calculate the greatest common divisor of 82542408 and 936.
312
What is the highest common factor of 53322285 and 5025?
1005
What is the highest common factor of 116513658 and 9?
9
What is the greatest common divisor of 317756032 and 352?
352
What is the greatest common factor of 3365944 and 24?
8
Calculate the highest common factor of 13300 and 1140.
380
What is the highest common divisor of 207 and 41027745?
69
Calculate the greatest common divisor of 228 and 57284658.
114
What is the highest common factor of 2055 and 68728105?
685
What is the greatest common divisor of 106122 and 2184?
6
Calculate the greatest common divisor of 39466 and 96528198.
5638
Calculate the greatest common divisor of 113828206 and 121582.
3922
What is the greatest common divisor of 1008 and 6295184?
112
Calculate the greatest common divisor of 792 and 380088.
72
Calculate the greatest common divisor of 21656421 and 762.
381
What is the greatest common divisor of 500 and 14653250?
250
What is the highest common divisor of 56170 and 467010?
10
Calculate the highest common divisor of 616 and 244398.
154
What is the greatest common factor of 2760758 and 509894?
1078
What is the greatest common divisor of 6448 and 9319468?
124
Calculate the greatest common factor of 4 and 2866502.
2
What is the greatest common divisor of 48 and 4881?
3
What is the greatest common divisor of 1284 and 33237196?
428
Calculate the highest common divisor of 100 and 43112100.
100
Calculate the highest common factor of 10189 and 567926.
443
Calculate the greatest common factor of 21904 and 3152.
16
Calculate the highest common factor of 1419276 and 28.
4
What is the greatest common factor of 11215455 and 625605?
3495
What is the highest common factor of 10498158 and 74?
74
What is the greatest common factor of 9584 and 5302348?
2396
Calculate the highest common divisor of 55040 and 199729840.
3440
What is the greatest common divisor of 4110805 and 15?
5
What is the greatest common factor of 42558370 and 15660?
290
What is the highest common divisor of 641677 and 12167?
529
Calculate the highest common factor of 26378 and 4205002.
218
What is the highest common divisor of 1352 and 30248296?
1352
Calculate the greatest common divisor of 44 and 49369276.
44
Calculate the greatest common divisor of 71946 and 206892.
126
Calculate the highest common factor of 654 and 129551187.
327
What is the highest common factor of 133841 and 19533?
17
What is the greatest common divisor of 2630 and 1846310?
10
What is the greatest common factor of 376896 and 12669202?
3926
Calculate the highest common divisor of 420 and 1913004.
12
What is the greatest common factor of 13775 and 1261703?
29
Calculate the greatest common factor of 13336488 and 16929.
891
Calculate the highest common divisor of 195 and 57846.
3
Calculate the highest common divisor of 849 and 43366354.
283
Calculate the highest common divisor of 2173942 and 2166.
722
What is the greatest common factor of 95040 and 9080?
40
What is the highest common divisor of 183 and 440984250?
183
Calculate the highest common divisor of 20988 and 7785459.
99
Calculate the greatest common divisor of 3290542 and 76192.
4762
What is the highest common 